Is a prime?
False
Let c be 5113 - ((5 - (7 - 4)) + -4). Is (c - -3)/(-6)*-1 a prime number?
True
Suppose 10*k - 35801 = 31159. Let b = -793 - -1375. Suppose k + b = 6*g. Is g a prime number?
True
Let p be ((226/(-3))/(-2))/(4/36). Suppose 2*k + 137 = k - 4*i, 5*i - p = 2*k. Is 2/(4/k)*(0 + -2) a composite number?
False
Suppose -47 = 10*d - 67. Is ((-1856)/96)/(d/(-15)) a prime number?
False
Let m(i) be the second derivative of i**4/2 + 2*i**3 - 17*i**2/2 - 12*i + 5. Suppose t - 3 = 5. Is m(t) a composite number?
False
Is (-146745)/(-189)*(-5 + -3 + 15) a composite number?
True
Let x(o) = 9*o**2 - 316*o + 14. Is x(-53) prime?
True
Let a(c) = 21*c**2 - 72*c + 1. Let f(j) = -5*j**2 + 18*j - 1. Let x(u) = -2*a(u) - 9*f(u). Suppose 2*l = -0*l + 24. Is x(l) a prime number?
True
Is ((-8)/(-6))/((-12)/(-877491)) prime?
True
Let i = 280 + -550. Let a = i - -461. Is a a prime number?
True
Suppose 26*j = 5*p + 29*j - 61031, 36619 = 3*p + 2*j. Is p a prime number?
False
Let a(n) = 5 + 10 - n**2 + 10*n + 5 - 14. Let k be a(9). Suppose 7*z = k*z - 2224. Is z a composite number?
True
Suppose -17 - 118 = -9*k. Suppose 11*a = -k*a + 641966. Is a a composite number?
False
Suppose 3*f = 5*d - 30, -3 = 5*f - 28. Suppose 3117 = -d*r + 64614. Is r a composite number?
False
Let z(q) = q**2 - 7*q + 12. Let u be 1/(-6) - (1245/(-18))/(-5). Let m be z(u). Is m/12*4/3 a prime number?
False
Let v(k) = 32*k**2 - 13*k + 19. Let t(f) = -65*f**2 + 26*f - 37. Let j(p) = 2*t(p) + 5*v(p). Is j(16) a prime number?
False
Let t(s) = -26*s - 16. Let r be t(4). Let j be r/55 - 1 - (-2)/11. Is (-107)/j - (-12)/(-18) a composite number?
True
Let z be (3*2/6)/(1/2). Suppose z*h = -3*h + 3*t + 63, -3*h + 5*t + 25 = 0. Let r = 1944 + h. Is r composite?
True
Let f = 1072151 + -759162. Is f a composite number?
False
Let m = -190 + 198. Suppose 3*v = p - 4174, 0 = -7*p + m*p + v - 4186. Is p prime?
False
Is 4/26 + -1476*(-7)/(1456/100816) a composite number?
True
Let v be 50*((-10)/40 - 2/8). Is (v/(-10))/(-5)*-92 composite?
True
Suppose 0 = -19*b + 8*b + 2041765 + 683892. Is b prime?
False
Let z(c) = -c + 83. Let o be z(0). Suppose y - 65 = -0*d - 4*d, -5*d - 3*y = -o. Suppose d*i = 20*i - 940. Is i composite?
True
Suppose 5 = 3*l - n + 15, -3*l = 4*n - 10. Let g be 1/1*(l - -3) + -2. Is (17 - 10)*(181 - 1 - g) a composite number?
True
Let q = 330 + -331. Let t(b) = 681*b**2 - 4*b - 4. Is t(q) a prime number?
False
Let r = -453 + 1132. Is r composite?
True
Let l be -1 - (-4 + -5 + 8). Suppose -131*u + 123*u + 58456 = l. Is u a prime number?
True
Let z(o) = o**3 + 7*o - 6. Suppose 3*p = -3*i - 2*i + 44, 4*p - 48 = -4*i. Let h be z(p). Suppose s + h - 2121 = 0. Is s a composite number?
False
Let r(g) = 6*g**2 + 160*g - 341. Is r(-140) a composite number?
True
Let p = 12 + 2. Is ((-2)/(-2))/(p/29386) composite?
False
Let j = -86782 + 168953. Is j composite?
False
Suppose 61 - 694 = 3*i. Let p = i - -270. Is p a prime number?
True
Suppose 0 = 6*f - 155211 - 372261. Suppose 3*o = 3*y - f, 3*y + 4*o = -2*y + 146511. Is y composite?
False
Let x be -3*1010/(-120)*4. Let a be (8/(-4))/((-2)/22). Suppose -a = d - x. Is d a composite number?
False
Let l(w) = w**2 + 23*w - 153. Let b be l(6). Suppose -b*m + 70823 = 2174. Is m a prime number?
False
Suppose 4*y - 13 - 59 = 0. Suppose m - y = -0. Let z(b) = 4*b**2 - 42*b - 38. Is z(m) a prime number?
False
Suppose -53*c = -182*c + 86615115. Is c composite?
True
Let k(s) = -2236*s - 1355. Is k(-36) a composite number?
True
Let g = 231303 - -60966. Is g a composite number?
True
Suppose y = 2*i + 5*y - 8, 5*i = y - 35. Let m(w) = 14*w - 1. Let o be m(-1). Is (-5725)/o + 4/i prime?
False
Suppose 0 = 3*r - 7*p + 2*p - 350864, 0 = -3*r - 4*p + 350855. Is r a prime number?
True
Is (-453789)/(-33) + 12/(-66) a prime number?
True
Suppose 2*m = -3*a - 2*a + 18211, 4*m = a - 3629. Is a a prime number?
False
Let n be 96*23 + (2/2 - -2). Suppose 0 = 3*c - n - 252. Is c a prime number?
True
Let i = -9 - -4. Let f = 252 + -267. Is f/6*1346/i a prime number?
True
Let r(v) = 1439*v**2 + v + 2. Let d be r(2). Suppose 0 = -3*h - 4*c + 17324, h = -0*h - 5*c + d. Suppose 5*b - h = -s, -3*b + s = -3*s - 3491. Is b composite?
True
Let j(a) = 5*a + 101. Let c be j(-25). Is (-6)/c - 402066/(-24) a prime number?
False
Suppose 3*j + 13 = 4*y, y + 47 = -3*j + 9. Is 45655 - (j - (-3 - 4)) prime?
True
Let v be (-6)/(-4) + 17/34. Let h = 111 - 50. Suppose 5*i - 16 = -c, -2*i + h = v*c + c. Is c a prime number?
False
Let s(g) = -g + 53. Let v be s(-19). Is (-12)/(v/(-30)) - -10086 a prime number?
True
Suppose 3*a = -3 + 42. Suppose 3*k = -3*p + 9, 0 = -4*p - 8*k + 3*k + a. Let y(r) = 36*r**2 - 1. Is y(p) prime?
False
Let n be 6*3418/84*7. Let s be (-87)/(-9) - 2/(-6). Suppose -p = 4*b - n - 66, -2*p = s. Is b composite?
True
Let v(c) = c**3 - 2*c**2 + 14*c - 5. Let m(r) = -r**3 + 4*r**2. Let q be m(3). Let x be v(q). Suppose -x = -3*z - 5*b, 0 = z + 2*z + b - 668. Is z prime?
False
Let k = -56 - -59. Suppose k*c + 16 = 7*c. Suppose 0 = -c*g - 2*g + 5874. Is g composite?
True
Suppose -366*f = -372*f + 312456. Suppose 4*j = 2*h + 104170, -h - f = -2*j - 3*h. Is j a composite number?
False
Suppose -3*i - 22 = -m - m, -34 = -2*m - 3*i. Let q be (-57960)/(-49) + 2/m. Suppose 4*o = -3*n + q, -2*n + 2*o + 1592 = 2*n. Is n composite?
False
Let m be (-1)/(-3 + (-1540)/(-514)). Suppose 4*i + m = 5*h - 2587, -5*i = 4*h - 2308. Suppose -p + 2*f = 3*p - h, 5*p + 5*f = 715. Is p a composite number?
True
Let i(l) = 1224*l - 35. Let a be i(3). Let j = -1664 + a. Is j composite?
False
Let u = 395013 + -185119. Is u a prime number?
False
Suppose -2*a - 6422351 = -163*b + 158*b, 3*b = -4*a + 3853395. Is b a prime number?
False
Let y = -4761 - -16296. Suppose 0 = -b - 4*b + y. Let u = b - 889. Is u a composite number?
True
Suppose -3*u - z + 11 = 0, 9*u - 7*u + 4*z = 24. Let t be (-4989 + u - -7)*(-2)/3. Let k = t - 2061. Is k composite?
False
Let n(m) = 57*m**3 + m - 11 - 60*m**3 + 25*m**2 + 46. Is n(-8) a composite number?
False
Let c = -132 - -186. Suppose -20*b + c = -11*b. Is (7/(42/(-4)))/(b/(-4437)) composite?
True
Suppose 0 = -2855*a + 2816*a + 6166407. Is a a composite number?
False
Is ((-60730)/(-10))/(6/(-2) - (11 - 15)) a prime number?
True
Let o(n) = n - 3 + 18 - 3*n + 31 + 83*n**2. Is o(-9) prime?
False
Let u = 138 + -139. Is (-1511)/(-3 + 3 + u) a composite number?
False
Let d(i) be the second derivative of -i**5/20 + i**4/12 + i**3/6 - i**2/2 - 33*i. Let y be d(-1). Is (y - 2/(-4))/((-3)/(-2514)) prime?
True
Let q = -723963 - -2811950. Is q composite?
True
Let g(h) = -8*h**2 - 53*h - 57. Let s be g(26). Let z = s + 9700. Is z a composite number?
False
Suppose 3*y - 5*s - 5090008 = -10*y, 2*y = -4*s + 783102. Is y composite?
True
Let m = 72 + -73. Is (7 - (-130)/(-20))*(1263 + m) a composite number?
False
Let p = -384 - -386. Suppose -x + p*w + 1945 = 4*x, -2*w - 1556 = -4*x. Is x prime?
True
Suppose 2*n + 2*g = 30, -12*n - g = -9*n - 47. Suppose 0 = -n*v + 102994 - 13922. Is v composite?
True
Let z(l) be the second derivative of 23*l**7/2520 - l**6/60 + 11*l**5/120 - 7*l**4/6 + 14*l. Let h(p) be the third derivative of z(p). Is h(10) composite?
True
Let c be (462644/(-39))/(3/(-9)). Suppose 6*r - c - 13630 = 0. Is r a prime number?
False
Let o(h) = -579*h**3 - 16*h - 100. Let g be o(-10). Suppose 8*n - 44*n + g = 0. Is n a prime number?
False
Let y = -30101 + 56184. Is y composite?
False
Let r(o) = -3*o**2 - 12*o + 62. Let x = -42 - -30. Let z be r(x). Is z/(8/(0 - 4)) a composite number?
False
Is (7/2)/(657/140822694) prime?
False
Let x(q) = 46*q - 6. Suppose -f - 5*p = 11 - 7, 2*f + 4*p = 4. Let n be x(f). Suppose n = 4*b - 2*c + 3*c, -142 = -2*b - 4*c. Is b prime?
True
Suppose -121*i + 118*i + 33243 = 0. Is i a prime number?
False
Let u = 123 + -239. Let k = u - -993. Is k a prime number?
True
Let d be (-25)/10*(-3 - -25). Is (-1 - -5007)*(d/10 + 8) a composite number?
True
Suppose -2*f - 2 = -4*f. Let k(a) = 68*a + 1. Is k(f) composite?
True
Let a(q) = -17*q**3 + 2*q**2 - 15*q - 24. Let d(i) = 8*i**3 - i**2 + 8*i + 11. Let s(w) = -4*a(w) - 7*d(w). Is s(6) composite?
True
Let a be 53110/3*(-14 + 1064/70). Suppose -4*m + 3*o = -21244, -2*o + 6*o + a = 4*m. Is m a prime number?
False